6 - r**2 + r. Determine j(6).
19
Let r(w) = -2*w**3 + w**2 + w - 1. Let b be (-89)/267 + 5/(-3). Determine r(b).
17
Let u(l) = l - 13. Let c = -10 + 15. What is u(c)?
-8
Let n(p) = 21*p**2 + 17*p + 6. Let y(r) = 100*r**2 + 83*r + 30. Let j(s) = 19*n(s) - 4*y(s). Let w be (-1)/(-1)*-7 + 0. What is j(w)?
8
Let a(s) = -s**3 - 4*s**2 + 4*s. Let v(x) = -x**2 - 18*x. Let b be v(-15). Let w(f) = -4*f - 4. Let n be w(-3). Let t be n/2*b/(-36). Give a(t).
5
Let o(j) = j**3 + 6*j**2 - 7*j. Let c be 1*(-4)/(-2) + 1. Suppose 2*a = -c*a. Suppose a = -y - y - 14. Calculate o(y).
0
Let n be 28/6 - (-16)/(-24). Let m(d) = 9*d + 4. Let c(q) = 5*q + 2. Let r(x) = n*m(x) - 7*c(x). Let h(l) = l**3 - 6*l**2 + 3. Let z be h(6). What is r(z)?
5
Let g(f) = 5*f**3 + 15*f**2 + 2*f + 4. Let v(d) = 27*d**3 + 75*d**2 + 11*d + 18. Let h(i) = 11*g(i) - 2*v(i). Determine h(-15).
8
Let k(s) = -2. Let c be 1*(1 + -5) - 2. Let l(w) = w - 1. Let h(d) = c*l(d) + 3*k(d). Calculate h(-3).
18
Suppose o = 3, -2*f - 5*o + 15 = -5*f. Let a(w) be the third derivative of -1/60*w**5 + 0 - w**2 + f*w - 1/6*w**4 + 1/6*w**3. Give a(-3).
4
Let d(r) be the first derivative of -r**3/3 + 3*r**2 + 3*r - 2. Suppose -4*k - 1 = 2*c + 1, -4*k - 3*c = 3. Suppose k = -0*g - g + 5. Determine d(g).
8
Suppose 0 = -4*m - 4, -4*p = -2*m - 3*m - 21. Suppose -3 + 1 = 5*s + y, p*s + 2*y = -4. Let a(x) = -x**2 - 1. Determine a(s).
-1
Let z = 26 - 21. Suppose 19 + 6 = z*u. Suppose 0 = -u*s - 5*v + 50, 2*s = 2*v + 3*v - 15. Let j(i) = i**2 - 6*i + 5. Give j(s).
0
Let b(v) = -1 + 2 - 8*v + 8*v**2 + 3*v + v**3 + 13*v + 5. What is b(-7)?
-1
Let p(w) be the second derivative of w**6/120 - 7*w**5/60 + w**4/4 - w**3/2 - w**2 - 5*w. Let c(s) be the first derivative of p(s). Determine c(6).
-3
Let i(q) = -7*q - 9. Let s(d) = -d**2 - 12*d - 27. Let y be s(-2). Give i(y).
40
Let k(c) = 5*c**2 - 8*c + 4. Let f(m) = -11*m**2 + 17*m - 8. Let r(s) = 3*f(s) + 7*k(s). Let t = -18 - -14. Let h be (t - 138/(-30))/((-1)/(-5)). Give r(h).
7
Let u(q) be the first derivative of 5 + 4*q + 26 - 50 + 2*q**2. Give u(-5).
-16
Let f(t) be the first derivative of -t**4/12 + 8*t - 12. Let h(p) be the first derivative of f(p). Determine h(0).
0
Let t = -65 - -73. Suppose -t*o - 15 = -3*o. Let g(j) = -j**2 + j. Calculate g(o).
-12
Let s(t) = -1099 - 2*t + 565 + 547 - 7*t - t**2. Determine s(-10).
3
Let q(f) be the third derivative of -f**6/120 + f**5/20 + f**4/24 + f**3/2 - 229*f**2 + f. Give q(3).
6
Let h(x) = x**3 - 5*x**2 - 7*x + 1. Let q(b) = 2*b - 6. Suppose -4*p + 17 = 3*n - 5, -21 = -3*n - 3*p. Let k be q(n). Calculate h(k).
-5
Let v(a) = 3*a + 1. Let l(p) = -2*p**2 + 4*p + 6. Let r(i) = -l(i) + 3*v(i). Let d = -3 - -6. Suppose -x = 2*s + 3*x - 12, x = d*s + 17. What is r(s)?
9
Let t(d) = -1975*d**3 - 3*d + 2*d + 2 + 4*d**2 + 1974*d**3. Let v = 1 - -5. Suppose u = -u + v. Calculate t(u).
8
Let i(a) = -a**3 - 7*a**2 + 8*a + 16. Let t be i(-8). Suppose -16 = -8*j + t. Let c(r) = 2*r + 1 - 3*r + 0. Determine c(j).
-3
Let u(f) = f**2 - 2*f. Suppose 4*a + 3*q = -20, 0*a = 3*a + 3*q + 12. Let z be (4/a)/(3/(-108)). Let h = z + -15. Calculate u(h).
3
Let z(c) = -7*c - 3. Suppose -260 = -5*q - 275. Determine z(q).
18
Let g(u) = u. Let r(a) = 2*a - 3. Let z(i) = g(i) - r(i). Calculate z(5).
-2
Let h(r) = -r + 2. Let z(o) = -3*o + 4. Let k(s) = -5*h(s) + 2*z(s). Give k(-3).
1
Let g = -9 - -11. Suppose -2*v - 5*p = -12, p = g*v + 4*p - 8. Let t(l) = 6*l**2 - 4. Let c(k) = k**2 - 1. Let f(i) = -3*c(i) + t(i). Give f(v).
2
Let q(h) be the second derivative of 0 + 1/60*h**5 + 0*h**3 - 1/3*h**4 + 0*h**2 - 1/180*h**6 - 4*h. Let i(l) be the third derivative of q(l). What is i(-2)?
10
Let c(s) = s**3 - 9*s**2 + 5*s + 7. Suppose -4*h + 4 = -o, -o = 4*o - 4*h - 28. Give c(o).
-17
Let y be 0 + (-1)/(3/(-6)). Suppose -h - 2 = -y*h. Let s(o) = 3*o - 158*o**h + 5*o + 159*o**2. Calculate s(-6).
-12
Let o(w) = 6*w - 40. Let s be o(7). Let y(u) = -7 - s + 4*u + 0 + 3. Give y(4).
10
Let j(n) = -29 + 45 - 2*n - 10*n**2 - n**2 - 18. Calculate j(-1).
-11
Let h(d) = -5*d**2 - 14*d + 30. Let u(k) = k**2 + 2*k - 3. Let b(v) = h(v) + 4*u(v). Determine b(-8).
2
Let r = -17 - -16. Let k be r*(3 + -7) - 2. Let o(s) = 3*s**3 + 4*s**2 + 2*s + 3. Let h(i) = -i**3 - i**2 - i. Let z(b) = k*h(b) + o(b). Calculate z(-3).
-6
Let u(d) = -d - 10. Suppose 3*y + 19 = 2*a, -3*y - a = 10 + 21. Give u(y).
-1
Let b be -8*(-2)/(20/15). Suppose -5*p = -3*a - 37, -5*p + b = 2*a - 5. Let x(l) = -l + 5. What is x(p)?
0
Let j(o) = 7*o**3 - o**2 + 4*o - 7. Let s(b) = 15*b**3 - 2*b**2 + 9*b - 15. Let n(m) = 13*j(m) - 6*s(m). Calculate n(-1).
-1
Let y(g) = 70*g + 21. Let o(r) = 13*r + 4. Let p(d) = -11*o(d) + 2*y(d). Calculate p(-10).
28
Let d(h) be the first derivative of -h**4 - 19*h**3/3 + 5*h**2/2 + 472. What is d(-5)?
0
Let q(x) = 18*x**2 + 2*x - 1. Let r(y) = y**3 + 0 - 3*y**2 - 5*y - y + 4 + 5. Let k be r(4). Calculate q(k).
19
Let u(i) be the first derivative of -i - 2 + 3/2*i**2. Suppose 10*m = 15*m - 15. Determine u(m).
8
Let z = -32 + 54. Suppose 2*x = 3*d - 82, -d + 5*x + 28 = 4*x. Let g = d - z. Let y(a) = -2*a + 6. Give y(g).
-2
Let t(g) be the first derivative of -g**4/12 + 3*g**3/2 + 11*g**2/2 - 14*g + 11. Let c(i) be the first derivative of t(i). Give c(9).
11
Let b(k) be the first derivative of 3 + 1 + 3*k**2 - 7 - 6. Give b(-2).
-12
Let a(d) be the second derivative of 10*d**3 + 4*d**3 - 8*d - 19*d**3 + 8*d**3. Give a(1).
18
Let q be (-12)/(-15) - 301/420. Let r(j) be the second derivative of 0*j**2 - q*j**4 - 1/6*j**3 + 0 - j. Determine r(-3).
-6
Let s(w) = -17 - 1 + 0 + 2 + 18*w + 6. Give s(4).
62
Let n(m) = -m**2 + 7*m + 1. Let b(c) = -177*c - 2 - c**2 + 3*c**2 + 164*c. Let i(g) = 3*b(g) + 5*n(g). What is i(3)?
-4
Let a(p) = 10 - 3*p + 9*p - 7*p. What is a(4)?
6
Let x(s) = 4*s + 13. Let h(q) = 4*q + 17. Let y(k) = -5*h(k) + 6*x(k). What is y(3)?
5
Let z be 4/6*6/4. Let k = z - 0. Let y(b) = -5*b - 5*b - 5*b + 17*b - 5*b. Determine y(k).
-3
Let l(u) = u**2 - 6*u - 2. Let k be ((12/10)/(3/10))/1. Let g be (1 - k)/((-6)/12). What is l(g)?
-2
Suppose 3*o + 2*z - 15 = 0, 2*o - 4*z = 5*o - 9. Let a = o - 5. Let x(c) be the third derivative of c**6/120 - c**5/10 + c**4/6 - c**3/2 - c**2. Calculate x(a).
-11
Let y(k) = -4*k**2 - 2*k - 7. Suppose 9*n - 7*n = -6. Let a(c) = -7*c**2 - 5*c - 13. Let u(j) = n*a(j) + 5*y(j). Give u(-3).
-2
Let d(l) = 32*l - 59. Let y be d(2). Let x(t) = -2*t**2 + 6*t + 7. Determine x(y).
-13
Suppose 0 = -4*u - 3*p + 6 + 1, 5*u + 3*p - 8 = 0. Suppose 8*c = 3*c. Let h(t) = 0*t + c*t + t - 7*t. Calculate h(u).
-6
Let g(m) = -7*m**3 - 14*m**2 + 13*m - 7. Let l(j) = -6*j**3 - 13*j**2 + 12*j - 8. Let c(d) = 5*g(d) - 6*l(d). Calculate c(-9).
-5
Let b(z) be the third derivative of -z**4/12 - 2*z**3/3 + 110*z**2. Determine b(0).
-4
Let p(a) = a**3 - 16*a**2 - 6*a + 15. Let r(u) = -u**2 - u + 1. Let b(x) = -p(x) + 6*r(x). Let v be (-45)/(-135) + 58/6. What is b(v)?
-9
Suppose -6 - 18 = 8*b. Let f(y) = -13*y + 5. Let x(p) = -7*p + 3. Let h(i) = 4*f(i) - 7*x(i). Determine h(b).
8
Let t(j) = 6*j**3 - 15*j**2 + 5*j + 4. Let k(f) = -7*f**3 + 16*f**2 - 6*f - 5. Let s(z) = -5*k(z) - 6*t(z). Let h = -316 + 326. Give s(h).
1
Let g(m) = -m + 1. Suppose 0 = -q - 7 + 2. What is g(q)?
6
Suppose -i = 1 + 3. Let a = 46 - 44. Let m(g) = -2*g + 2 + a - 7. What is m(i)?
5
Let a(k) = 2*k - 1. Let i(u) = 2*u + 5. Suppose 0*g = 6*g. Let s be i(g). Determine a(s).
9
Let f(k) = -k**2 + 6*k. Suppose 3*j = -15, -5*l + j + 36 + 14 = 0. Give f(l).
-27
Let x(b) = b**2 - 11*b - 24. Let l be (-11653)/(-903) - 2/(-21). Determine x(l).
2
Let f(l) be the first derivative of -l**2/2 - 4*l - 51. Give f(-9).
5
Let j(w) be the second derivative of -w**5/20 - w**4/2 + w**3/3 + 3*w**2/2 + 301*w. Give j(-6).
-9
Let b(x) = 2*x - 12. Let q(m) = -6*m + 35. Let s be (0 + 10/(-4))*96/(-30). Let c(z) = s*b(z) + 3*q(z). What is c(8)?
-7
Let a(h) = -4*h**2 + h**2 + h**3 - 2*h**2 - 6 - 28*h + 27*h. Suppose 13 = v + 8. What is a(v)?
-11
Let p(b) be the third derivative of 1/3*b**3 + 0*b - 1/4*b**4 + 0 + 11*b**2 + 1/60*b**5. Let x(r) = 4*r + 1. Let o be x(1). Calculate p(o).
-3
Let s(r) = -r + 7. Let b be s(5). Suppose b*w = -d - w - 9, -3*d = 5*w + 11. Let q(t) = -6*t**d + 4 + t - 2*t**3 - 4. Calculate q(-1).
7
